a multiple of 6?
False
Is 26 a factor of 219752?
True
Does 319 divide 11136783?
False
Is 278581 a multiple of 99?
False
Does 15 divide 45060?
True
Is 2785584 a multiple of 131?
True
Does 366 divide 1486146?
False
Is 440610 a multiple of 95?
True
Does 239 divide 689282?
False
Is 315308 a multiple of 156?
False
Is 104 a factor of 1314557?
False
Is 614685 a multiple of 208?
False
Does 1022 divide 3834544?
True
Is 106 a factor of 13193613?
False
Is 11 a factor of 1164959?
False
Is 17 a factor of 2990035?
False
Is 12 a factor of 2320608?
True
Is 273240 a multiple of 414?
True
Is 409512 a multiple of 151?
True
Does 13 divide 7386925?
True
Is 548658 a multiple of 187?
True
Does 71 divide 875677?
False
Is 3381603 a multiple of 716?
False
Is 59948 a multiple of 6?
False
Is 53 a factor of 14257?
True
Does 173 divide 1470898?
False
Does 8 divide 2209600?
True
Does 215 divide 69752?
False
Is 546 a factor of 5365207?
False
Is 225855 a multiple of 135?
True
Does 21 divide 87549?
True
Is 76105 a multiple of 155?
True
Does 132 divide 104148?
True
Is 2 a factor of 34937?
False
Is 8352035 a multiple of 5?
True
Is 457446 a multiple of 239?
True
Does 13 divide 14780304?
False
Is 554 a factor of 1827092?
True
Is 912 a factor of 1784784?
True
Is 470 a factor of 268734?
False
Does 15 divide 325233?
False
Does 73 divide 582321?
True
Does 21 divide 2496474?
False
Is 1400938 a multiple of 121?
True
Is 554242 a multiple of 786?
False
Is 1693954 a multiple of 232?
False
Is 5 a factor of 5696821?
False
Is 142219 a multiple of 128?
False
Is 19527477 a multiple of 991?
False
Is 956848 a multiple of 158?
True
Is 4 a factor of 780954?
False
Is 650 a factor of 940546?
False
Is 5808 a multiple of 109?
False
Does 292 divide 328500?
True
Does 813 divide 3804027?
True
Is 184114 a multiple of 106?
False
Is 931093 a multiple of 35?
False
Is 41 a factor of 3219976?
True
Is 330 a factor of 3183840?
True
Is 22 a factor of 602085?
False
Is 13204283 a multiple of 19?
False
Does 13 divide 1220112?
False
Does 3 divide 45926?
False
Is 662935 a multiple of 17?
False
Is 5765268 a multiple of 9?
False
Is 27410155 a multiple of 1658?
False
Is 94 a factor of 471786?
True
Is 20 a factor of 481489?
False
Is 14404698 a multiple of 7?
True
Is 2261950 a multiple of 57?
False
Does 68 divide 1131180?
True
Does 8 divide 5072704?
True
Is 930340 a multiple of 10?
True
Does 229 divide 142065?
False
Is 1566448 a multiple of 13?
True
Is 19072720 a multiple of 464?
True
Does 20 divide 103840?
True
Is 317988 a multiple of 11?
True
Does 1819 divide 22513000?
False
Is 5 a factor of 4981046?
False
Is 11918700 a multiple of 285?
True
Is 567 a factor of 2159169?
False
Is 127 a factor of 89568?
False
Is 2099297 a multiple of 821?
True
Is 4488309 a multiple of 573?
True
Is 600656 a multiple of 49?
False
Is 11753 a multiple of 23?
True
Is 24 a factor of 113091?
False
Is 40 a factor of 96625?
False
Does 69 divide 101815?
False
Is 1170760 a multiple of 10?
True
Is 654240 a multiple of 87?
True
Does 144 divide 375268?
False
Is 36 a factor of 455580?
True
Does 54 divide 982379?
False
Does 75 divide 192000?
True
Is 32314 a multiple of 34?
False
Is 60032 a multiple of 28?
True
Is 39 a factor of 5294500?
False
Is 1034 a factor of 1825010?
True
Is 1178760 a multiple of 705?
True
Does 88 divide 147725?
False
Is 70 a factor of 54180?
True
Is 28 a factor of 1334284?
True
Is 338452 a multiple of 191?
True
Does 5 divide 1731855?
True
Does 3 divide 899326?
False
Is 4617702 a multiple of 6?
True
Does 2375 divide 12799431?
False
Is 60 a factor of 660107?
False
Is 25 a factor of 4766593?
False
Is 276503 a multiple of 167?
False
Is 212582 a multiple of 8?
False
Is 1712 a multiple of 9?
False
Does 394 divide 305909?
False
Is 137 a factor of 239584?
False
Is 244 a factor of 289384?
True
Is 347 a factor of 1074312?
True
Is 9659845 a multiple of 421?
True
Is 4 a factor of 2868?
True
Is 523234 a multiple of 152?
False
Is 126670 a multiple of 10?
True
Does 32 divide 122272?
True
Is 28 a factor of 8847731?
False
Is 92376 a multiple of 24?
True
Does 1987 divide 2292741?
False
Is 19 a factor of 312153?
False
Is 9 a factor of 10945036?
False
Does 80 divide 9383720?
False
Does 63 divide 55377?
True
Is 88 a factor of 197631?
False
Is 29 a factor of 389296?
True
Is 142 a factor of 6114804?
True
Is 34626 a multiple of 6?
True
Is 1053 a factor of 2050028?
False
Does 505 divide 762045?
True
Is 98548 a multiple of 96?
False
Is 2938720 a multiple of 12?
False
Does 13 divide 224822?
True
Is 3 a factor of 3452981?
False
Does 888 divide 12799632?
True
Is 335 a factor of 427501?
False
Does 17 divide 607047?
False
Is 153 a factor of 9322749?
True
Does 48 divide 65616?
True
Does 6 divide 122007?
False
Is 24 a factor of 1093896?
True
Does 3 divide 929587?
False
Does 20 divide 451414?
False
Is 11 a factor of 236753?
True
Does 73 divide 3194320?
False
Does 228 divide 89148?
True
Does 33 divide 2905669?
False
Is 2875810 a multiple of 98?
True
Is 934758 a multiple of 33?
True
Is 18 a factor of 4810744?
False
Is 1434916 a multiple of 49?
True
Is 168 a factor of 32933610?
False
Is 57412 a multiple of 7?
False
Is 8 a factor of 56884?
False
Is 12720 a multiple of 40?
True
Is 92 a factor of 4278588?
False
Is 5521138 a multiple of 39?
False
Does 122 divide 108214?
True
Is 2218 a multiple of 35?
False
Does 9 divide 138998?
False
Is 4 a factor of 2660694?
False
Is 120 a factor of 74400?
True
Does 122 divide 2455494?
True
Is 2214982 a multiple of 13?
False
Does 107 divide 9286971?
False
Is 59 a factor of 130272?
True
Is 136841 a multiple of 5?
False
Does 4 divide 924968?
True
Is 95 a factor of 21234305?
True
Does 419 divide 889958?
False
Is 230 a factor of 2444670?
True
Is 1426242 even?
True
Is 83 a factor of 148985?
True
Does 11 divide 568018?
True
Does 7 divide 147616?
True
Is 13468 a multiple of 112?
False
Is 18 a factor of 463278?
False
Is 226281 a multiple of 104?
False
Is 42 a factor of 12684?
True
Is 252785 a multiple of 13?
True
Is 242243 a multiple of 8?
False
Is 443 a factor of 210712?
False
Does 37 divide 132762?
False
Is 43 a factor of 106769?
True
Is 28 a factor of 132565?
False
Is 3573535 a multiple of 35?
True
Does 621 divide 1118421?
True
Does 20 divide 128140?
True
Is 123801 a multiple of 168?
False
Is 412143 even?
False
Is 1527 a factor of 12368364?
False
Is 176551 a multiple of 43?
False
Is 231 a factor of 6671742?
True
Is 19168 a multiple of 8?
True
Does 131 divide 1494186?
True
Is 39004 a multiple of 14?
True
Is 197 a factor of 35460?
True
Does 284 divide 249131?
False
Is 540775 a multiple of 223?
True
Is 86240 a multiple of 163?
False
Does 195 divide 475689?
False
Is 91200 a multiple of 40?
True
Is 637267 a multiple of 31?
True
Is 35 a factor of 2603580?
True
Is 15594 a multiple of 6?
True
Does 1370 divide 6964638?
False
Is 7 a factor of 3964366?
True
Is 16418562 a multiple of 83?
True
Is 1231153 a multiple of 17?
False
Is 27 a factor of 569484?
True
Is 8176104 a multiple of 18?
True
Is 196 a factor of 323731?
False
Is 83 a factor of 9199969?
True
Is 4458047 a multiple of 270?
False
Is 14726408 a multiple of 21?
False
Is 288919 a multiple of 311?
True
Is 229 a factor of 7439065?
True
Does 102 divide 400435?
False
Is 8 a factor of 3726492?
False
Is 48951 a multiple of 9?
True
Is 187695 even?
False
Is 73 a factor of 2588968?
False
Is 75 a factor of 104175?
True
Is 122 a factor of 2076928?
True
Is 2997877 a multiple of 95?
False
Is 41 a factor of 126096?
False
Does 83 divide 152086?
False
Is 4731490 a multiple of 31?
False
Does 84 divide 444024?
True
Does 52 divide 606350?
False
Is 190842 a multiple of 51?
True
Does 96 divide 163200?
True
Is 19 a factor of 1640251?
True
Is 12 a factor of 51597?
False
Does 9 divide 1388477?
False
Is 101 a factor of 435748?
False
Is 10865587 a multiple of 11?
False
Is 73 a factor of 2796995?
True
Is 3211733 a multiple of 37?
False
Does 61 divide 431148?
True
Is 14 a factor of 20955354?
True
Is 14577480 a multiple of 140?
False
Does 118 divide 325675?
False
Is 25 a factor of 845625?
True
Is 866028 a multiple of 208?
False
Is 176 a factor of 355061?
False
Is 13 a factor of 391096?
False
Is 224 a factor of 36960?
True
Does 122 divide 35136?
True
Does 18 divide 6232140?
True
Does 210 divide 2681338?
False
Is 45 a factor o